{"id":1795,"date":"2023-09-06T17:51:37","date_gmt":"2023-09-06T15:51:37","guid":{"rendered":"https:\/\/kauttao.com\/?page_id=1795"},"modified":"2024-09-05T16:38:10","modified_gmt":"2024-09-05T14:38:10","slug":"qui-sommes-nous","status":"publish","type":"page","link":"http:\/\/wemaat.co\/index.php\/qui-sommes-nous\/","title":{"rendered":"Qui sommes nous ?"},"content":{"rendered":"<style>.kb-row-layout-id1795_b5be6f-e4 > .kt-row-column-wrap{align-content:start;}:where(.kb-row-layout-id1795_b5be6f-e4 > .kt-row-column-wrap) > .wp-block-kadence-column{justify-content:start;}.kb-row-layout-id1795_b5be6f-e4 > .kt-row-column-wrap{column-gap:var(--global-kb-gap-md, 2rem);row-gap:var(--global-kb-gap-md, 2rem);max-width:var( --global-content-width, 1290px );padding-left:var(--global-content-edge-padding);padding-right:var(--global-content-edge-padding);padding-top:200px;padding-bottom:225px;grid-template-columns:minmax(0, 1fr);}.kb-row-layout-id1795_b5be6f-e4{background-image:url('http:\/\/kauttao.com\/wp-content\/uploads\/2023\/09\/pexels-rahime-gul-18361797-scaled.jpg');background-size:cover;background-position:54% 34%;background-attachment:scroll;background-repeat:no-repeat;}.kb-row-layout-id1795_b5be6f-e4 > .kt-row-layout-overlay{opacity:0.30;}@media all and (max-width: 1024px){.kb-row-layout-id1795_b5be6f-e4 > .kt-row-column-wrap{grid-template-columns:minmax(0, 1fr);}}@media all and (max-width: 767px){.kb-row-layout-id1795_b5be6f-e4 > .kt-row-column-wrap{grid-template-columns:minmax(0, 1fr);}}<\/style><div class=\"kb-row-layout-wrap kb-row-layout-id1795_b5be6f-e4 alignnone kt-row-has-bg wp-block-kadence-rowlayout\"><div class=\"kt-row-column-wrap kt-has-1-columns kt-row-layout-equal kt-tab-layout-inherit kt-mobile-layout-row kt-row-valign-top kb-theme-content-width\">\n<style>.kadence-column1795_0afaf0-71 > .kt-inside-inner-col,.kadence-column1795_0afaf0-71 > .kt-inside-inner-col:before{border-top-left-radius:0px;border-top-right-radius:0px;border-bottom-right-radius:0px;border-bottom-left-radius:0px;}.kadence-column1795_0afaf0-71 > .kt-inside-inner-col:before{opacity:0.3;}.kadence-column1795_0afaf0-71{position:relative;}<\/style>\n<div class=\"wp-block-kadence-column kadence-column1795_0afaf0-71\"><div class=\"kt-inside-inner-col\">\n<h1 class=\"wp-block-heading has-theme-palette-9-color has-text-color\"><\/h1>\n<\/div><\/div>\n\n<\/div><\/div>\n\n\n<p><\/p>\n\n\n\n<blockquote class=\"wp-block-quote is-style-plain has-medium-font-size is-layout-flow wp-block-quote-is-layout-flow\">\n<div class=\"wp-block-group has-large-font-size is-vertical is-content-justification-center is-layout-flex wp-container-core-group-is-layout-d5ca88db wp-block-group-is-layout-flex\" style=\"padding-top:var(--wp--preset--spacing--50);padding-right:0;padding-bottom:var(--wp--preset--spacing--50);padding-left:0\">\n<p class=\"has-text-align-center\" style=\"line-height:0.7\"><strong>Ma\u00e2t<\/strong>  <\/p>\n\n\n\n<p class=\"has-text-align-center\" style=\"line-height:0.7\">Francisation du nom \u00e9gyptien&nbsp;<a href=\"https:\/\/fr.wikipedia.org\/wiki\/Ma%C3%A2t\">M\u021d\u02c1.t<\/a>. <\/p>\n\n\n\n<p class=\"has-text-align-center\" style=\"line-height:0.7\"><strong>Ma\u00e2t<\/strong>&nbsp;<em>f\u00e9minin<\/em> <\/p>\n\n\n\n<ol class=\"wp-block-list\">\n<li><a href=\"https:\/\/fr.wiktionary.org\/wiki\/d%C3%A9esse\">D\u00e9esse<\/a><a href=\"https:\/\/fr.wiktionary.org\/wiki\/%C3%A9gyptien\"> \u00e9gyptienne<\/a>&nbsp;de l\u2019ordre, de l\u2019\u00e9quilibre du monde, et de la paix<\/li>\n\n\n\n<li><strong>Ma\u00e2t<\/strong><sup><a href=\"https:\/\/fr.wikipedia.org\/wiki\/Ma%C3%A2t#cite_note-1\">1<\/a><\/sup>&nbsp;est, dans la&nbsp;<a href=\"https:\/\/fr.wikipedia.org\/wiki\/Mythologie_%C3%A9gyptienne\">mythologie \u00e9gyptienne<\/a>, la d\u00e9esse de l&#8217;<a href=\"https:\/\/fr.wikipedia.org\/wiki\/Harmonie_des_sph%C3%A8res\">harmonie<\/a>&nbsp;cosmique, de la&nbsp;<a href=\"https:\/\/fr.wikipedia.org\/wiki\/Rectitude\">rectitude<\/a>&nbsp;(ou conduite morale), de la v\u00e9rit\u00e9 et de la&nbsp;<a href=\"https:\/\/fr.wikipedia.org\/wiki\/Justice\">justice<\/a>.<\/li>\n<\/ol>\n<\/div>\n<\/blockquote>\n\n\n<style>.kb-row-layout-wrap.wp-block-kadence-rowlayout.kb-row-layout-id1795_451904-56{margin-top:var(--global-kb-spacing-xxl, 5rem);}.kb-row-layout-id1795_451904-56 > .kt-row-column-wrap{align-content:start;}:where(.kb-row-layout-id1795_451904-56 > .kt-row-column-wrap) > .wp-block-kadence-column{justify-content:start;}.kb-row-layout-id1795_451904-56 > .kt-row-column-wrap{column-gap:var(--global-kb-gap-md, 2rem);row-gap:var(--global-kb-gap-md, 2rem);padding-top:var(--global-kb-spacing-sm, 1.5rem);padding-right:var(--global-kb-spacing-5xl, 10rem);padding-bottom:var(--global-kb-spacing-sm, 1.5rem);padding-left:var(--global-kb-spacing-5xl, 10rem);grid-template-columns:minmax(0, 1fr);}.kb-row-layout-id1795_451904-56 > .kt-row-layout-overlay{opacity:0.30;}@media all and (max-width: 1024px){.kb-row-layout-id1795_451904-56 > .kt-row-column-wrap{grid-template-columns:minmax(0, 1fr);}}@media all and (max-width: 767px){.kb-row-layout-id1795_451904-56 > .kt-row-column-wrap{grid-template-columns:minmax(0, 1fr);}}<\/style><div class=\"kb-row-layout-wrap kb-row-layout-id1795_451904-56 alignnone wp-block-kadence-rowlayout\"><div class=\"kt-row-column-wrap kt-has-1-columns kt-row-layout-equal kt-tab-layout-inherit kt-mobile-layout-row kt-row-valign-top\">\n<style>.kadence-column1795_747cda-8b > .kt-inside-inner-col,.kadence-column1795_747cda-8b > .kt-inside-inner-col:before{border-top-left-radius:0px;border-top-right-radius:0px;border-bottom-right-radius:0px;border-bottom-left-radius:0px;}.kadence-column1795_747cda-8b > .kt-inside-inner-col:before{opacity:0.3;}.kadence-column1795_747cda-8b{position:relative;}<\/style>\n<div class=\"wp-block-kadence-column kadence-column1795_747cda-8b\"><div class=\"kt-inside-inner-col\"><style>.kb-row-layout-id1795_264c3b-d1 > .kt-row-column-wrap{align-content:start;}:where(.kb-row-layout-id1795_264c3b-d1 > .kt-row-column-wrap) > .wp-block-kadence-column{justify-content:start;}.kb-row-layout-id1795_264c3b-d1 > .kt-row-column-wrap{column-gap:var(--global-kb-gap-md, 2rem);row-gap:var(--global-kb-gap-md, 2rem);padding-top:var(--global-kb-spacing-sm, 1.5rem);padding-bottom:var(--global-kb-spacing-sm, 1.5rem);grid-template-columns:minmax(0, 2fr) minmax(0, 1fr);}.kb-row-layout-id1795_264c3b-d1 > .kt-row-layout-overlay{opacity:0.30;}@media all and (max-width: 1024px){.kb-row-layout-id1795_264c3b-d1 > .kt-row-column-wrap{grid-template-columns:repeat(2, minmax(0, 1fr));}}@media all and (max-width: 767px){.kb-row-layout-id1795_264c3b-d1 > .kt-row-column-wrap{grid-template-columns:minmax(0, 1fr);}}<\/style><div class=\"kb-row-layout-wrap kb-row-layout-id1795_264c3b-d1 alignnone row-align-items-center wp-block-kadence-rowlayout\"><div class=\"kt-row-column-wrap kt-has-2-columns kt-row-layout-left-golden kt-tab-layout-inherit kt-mobile-layout-row kt-row-valign-top\">\n<style>.kadence-column1795_e8df50-f0 > .kt-inside-inner-col,.kadence-column1795_e8df50-f0 > .kt-inside-inner-col:before{border-top-left-radius:0px;border-top-right-radius:0px;border-bottom-right-radius:0px;border-bottom-left-radius:0px;}.kadence-column1795_e8df50-f0 > .kt-inside-inner-col:before{opacity:0.3;}.kadence-column1795_e8df50-f0{position:relative;}<\/style>\n<div class=\"wp-block-kadence-column kadence-column1795_e8df50-f0\"><div class=\"kt-inside-inner-col\">\n<h4 class=\"wp-block-heading\">Ahmed Otmane<\/h4>\n\n\n\n<h5 class=\"wp-block-heading\">Fondateur<\/h5>\n\n\n\n<p>Fort de ses 25 ann\u00e9es d&#8217;exp\u00e9rience dans le recrutement de Cadres partout en France, Ahmed fonde MAAT, afin d\u2019y reproduire ce qu\u2019il sait faire de mieux, entreprendre des projets innovants, \u00e9co-responsables et b\u00e9n\u00e9fiques aux investisseurs associ\u00e9s et partenaires.<\/p>\n\n\n\n<p><\/p>\n<\/div><\/div>\n\n\n<style>.kadence-column1795_9a319b-5d > .kt-inside-inner-col:before{opacity:0.3;}.kadence-column1795_9a319b-5d{position:relative;}<\/style>\n<div class=\"wp-block-kadence-column kadence-column1795_9a319b-5d\"><div class=\"kt-inside-inner-col\">\n<figure class=\"wp-block-image size-full is-resized is-style-rounded\"><img loading=\"lazy\" decoding=\"async\" width=\"189\" height=\"189\" src=\"https:\/\/kauttao.com\/wp-content\/uploads\/2023\/09\/photo-Ahmed.jpeg\" alt=\"\" class=\"wp-image-1847\" style=\"aspect-ratio:3\/4;object-fit:cover;width:259px;height:undefinedpx\" srcset=\"http:\/\/wemaat.co\/wp-content\/uploads\/2023\/09\/photo-Ahmed.jpeg 189w, http:\/\/wemaat.co\/wp-content\/uploads\/2023\/09\/photo-Ahmed-150x150.jpeg 150w\" sizes=\"auto, (max-width: 189px) 100vw, 189px\" \/><\/figure>\n<\/div><\/div>\n\n<\/div><\/div>\n\n<style>.kb-row-layout-wrap.wp-block-kadence-rowlayout.kb-row-layout-id1795_045997-a4{margin-top:var(--global-kb-spacing-lg, 3rem);}.kb-row-layout-id1795_045997-a4 > .kt-row-column-wrap{align-content:start;}:where(.kb-row-layout-id1795_045997-a4 > .kt-row-column-wrap) > .wp-block-kadence-column{justify-content:start;}.kb-row-layout-id1795_045997-a4 > .kt-row-column-wrap{column-gap:var(--global-kb-gap-md, 2rem);row-gap:var(--global-kb-gap-md, 2rem);padding-top:var(--global-kb-spacing-sm, 1.5rem);padding-bottom:var(--global-kb-spacing-sm, 1.5rem);grid-template-columns:minmax(0, 1fr) minmax(0, 2fr);}.kb-row-layout-id1795_045997-a4 > .kt-row-layout-overlay{opacity:0.30;}@media all and (max-width: 1024px){.kb-row-layout-id1795_045997-a4 > .kt-row-column-wrap{grid-template-columns:repeat(2, minmax(0, 1fr));}}@media all and (max-width: 767px){.kb-row-layout-id1795_045997-a4 > .kt-row-column-wrap{grid-template-columns:minmax(0, 1fr);}}<\/style><div class=\"kb-row-layout-wrap kb-row-layout-id1795_045997-a4 alignnone row-align-items-center wp-block-kadence-rowlayout\"><div class=\"kt-row-column-wrap kt-has-2-columns kt-row-layout-right-golden kt-tab-layout-inherit kt-mobile-layout-row kt-row-valign-top\">\n<style>.kadence-column1795_c91346-86 > .kt-inside-inner-col,.kadence-column1795_c91346-86 > .kt-inside-inner-col:before{border-top-left-radius:0px;border-top-right-radius:0px;border-bottom-right-radius:0px;border-bottom-left-radius:0px;}.kadence-column1795_c91346-86 > .kt-inside-inner-col:before{opacity:0.3;}.kadence-column1795_c91346-86{position:relative;}<\/style>\n<div class=\"wp-block-kadence-column kadence-column1795_c91346-86\"><div class=\"kt-inside-inner-col\"><\/div><\/div>\n\n\n<style>.kadence-column1795_cb4185-98 > .kt-inside-inner-col,.kadence-column1795_cb4185-98 > .kt-inside-inner-col:before{border-top-left-radius:0px;border-top-right-radius:0px;border-bottom-right-radius:0px;border-bottom-left-radius:0px;}.kadence-column1795_cb4185-98 > .kt-inside-inner-col:before{opacity:0.3;}.kadence-column1795_cb4185-98{position:relative;}<\/style>\n<div class=\"wp-block-kadence-column kadence-column1795_cb4185-98\"><div class=\"kt-inside-inner-col\"><\/div><\/div>\n\n<\/div><\/div><\/div><\/div>\n\n<\/div><\/div>","protected":false},"excerpt":{"rendered":"<p>Ahmed Otmane Fondateur Fort de ses 25 ann\u00e9es d&#8217;exp\u00e9rience dans le recrutement de Cadres partout en France, Ahmed fonde MAAT, afin d\u2019y reproduire ce qu\u2019il sait faire de mieux, entreprendre des projets innovants, \u00e9co-responsables et b\u00e9n\u00e9fiques aux investisseurs associ\u00e9s et partenaires.<\/p>\n","protected":false},"author":1,"featured_media":0,"parent":0,"menu_order":0,"comment_status":"closed","ping_status":"closed","template":"","meta":{"_kad_post_transparent":"enable","_kad_post_title":"hide","_kad_post_layout":"fullwidth","_kad_post_sidebar_id":"","_kad_post_content_style":"unboxed","_kad_post_vertical_padding":"hide","_kad_post_feature":"","_kad_post_feature_position":"","_kad_post_header":false,"_kad_post_footer":false,"footnotes":""},"class_list":["post-1795","page","type-page","status-publish","hentry"],"_links":{"self":[{"href":"http:\/\/wemaat.co\/index.php\/wp-json\/wp\/v2\/pages\/1795","targetHints":{"allow":["GET"]}}],"collection":[{"href":"http:\/\/wemaat.co\/index.php\/wp-json\/wp\/v2\/pages"}],"about":[{"href":"http:\/\/wemaat.co\/index.php\/wp-json\/wp\/v2\/types\/page"}],"author":[{"embeddable":true,"href":"http:\/\/wemaat.co\/index.php\/wp-json\/wp\/v2\/users\/1"}],"replies":[{"embeddable":true,"href":"http:\/\/wemaat.co\/index.php\/wp-json\/wp\/v2\/comments?post=1795"}],"version-history":[{"count":51,"href":"http:\/\/wemaat.co\/index.php\/wp-json\/wp\/v2\/pages\/1795\/revisions"}],"predecessor-version":[{"id":2104,"href":"http:\/\/wemaat.co\/index.php\/wp-json\/wp\/v2\/pages\/1795\/revisions\/2104"}],"wp:attachment":[{"href":"http:\/\/wemaat.co\/index.php\/wp-json\/wp\/v2\/media?parent=1795"}],"curies":[{"name":"wp","href":"https:\/\/api.w.org\/{rel}","templated":true}]}}