{"id":1455,"date":"2020-11-12T15:19:27","date_gmt":"2020-11-12T15:19:27","guid":{"rendered":"https:\/\/startertemplatecloud.com\/g01\/?page_id=1455"},"modified":"2024-09-05T16:42:20","modified_gmt":"2024-09-05T14:42:20","slug":"contact","status":"publish","type":"page","link":"http:\/\/wemaat.co\/index.php\/contact\/","title":{"rendered":"Contact"},"content":{"rendered":"<style>.kb-row-layout-id1455_a250f3-9c > .kt-row-column-wrap{align-content:start;}:where(.kb-row-layout-id1455_a250f3-9c > .kt-row-column-wrap) > .wp-block-kadence-column{justify-content:start;}.kb-row-layout-id1455_a250f3-9c > .kt-row-column-wrap{column-gap:var(--global-kb-gap-md, 2rem);row-gap:var(--global-kb-gap-md, 2rem);max-width:var( --global-content-width, 1290px );padding-left:var(--global-content-edge-padding);padding-right:var(--global-content-edge-padding);padding-top:225px;padding-bottom:225px;grid-template-columns:minmax(0, 1fr);}.kb-row-layout-id1455_a250f3-9c{background-image:url('http:\/\/kauttao.com\/wp-content\/uploads\/2023\/09\/pexels-life-matters-4613905-scaled.jpg');background-size:cover;background-position:37% 13%;background-attachment:scroll;background-repeat:no-repeat;}.kb-row-layout-id1455_a250f3-9c > .kt-row-layout-overlay{opacity:0.55;background-color:#242d2d;}@media all and (max-width: 1024px){.kb-row-layout-id1455_a250f3-9c > .kt-row-column-wrap{grid-template-columns:minmax(0, 1fr);}}@media all and (max-width: 767px){.kb-row-layout-id1455_a250f3-9c > .kt-row-column-wrap{grid-template-columns:minmax(0, 1fr);}}<\/style><div class=\"kb-row-layout-wrap kb-row-layout-id1455_a250f3-9c alignnone kt-row-has-bg wp-block-kadence-rowlayout\"><div class=\"kt-row-layout-overlay kt-row-overlay-normal\"><\/div><div class=\"kt-row-column-wrap kt-has-1-columns kt-row-layout-equal kt-tab-layout-inherit kt-mobile-layout-row kt-row-valign-top kb-theme-content-width\">\n<style>.kadence-column1455_cf59df-35 > .kt-inside-inner-col,.kadence-column1455_cf59df-35 > .kt-inside-inner-col:before{border-top-left-radius:0px;border-top-right-radius:0px;border-bottom-right-radius:0px;border-bottom-left-radius:0px;}.kadence-column1455_cf59df-35 > .kt-inside-inner-col:before{opacity:0.3;}.kadence-column1455_cf59df-35{position:relative;}<\/style>\n<div class=\"wp-block-kadence-column kadence-column1455_cf59df-35 inner-column-1\"><div class=\"kt-inside-inner-col\"><style>.wp-block-kadence-advancedheading.kt-adv-heading1455_8dd261-43, .wp-block-kadence-advancedheading.kt-adv-heading1455_8dd261-43[data-kb-block=\"kb-adv-heading1455_8dd261-43\"]{font-size:65px;font-weight:700;font-style:normal;color:#ffffff;}.wp-block-kadence-advancedheading.kt-adv-heading1455_8dd261-43 mark, .wp-block-kadence-advancedheading.kt-adv-heading1455_8dd261-43[data-kb-block=\"kb-adv-heading1455_8dd261-43\"] mark{font-weight:normal;font-style:normal;color:#f76a0c;padding-top:0px;padding-right:0px;padding-bottom:0px;padding-left:0px;}@media all and (max-width: 1024px){.wp-block-kadence-advancedheading.kt-adv-heading1455_8dd261-43, .wp-block-kadence-advancedheading.kt-adv-heading1455_8dd261-43[data-kb-block=\"kb-adv-heading1455_8dd261-43\"]{font-size:45px;}}@media all and (max-width: 767px){.wp-block-kadence-advancedheading.kt-adv-heading1455_8dd261-43, .wp-block-kadence-advancedheading.kt-adv-heading1455_8dd261-43[data-kb-block=\"kb-adv-heading1455_8dd261-43\"]{font-size:35px;}}<\/style>\n<h1 class=\"kt-adv-heading1455_8dd261-43 wp-block-kadence-advancedheading\" data-kb-block=\"kb-adv-heading1455_8dd261-43\"><\/h1>\n<\/div><\/div>\n\n<\/div><\/div>\n\n<style>.kb-row-layout-id1455_85e145-95 > .kt-row-column-wrap{align-content:start;}:where(.kb-row-layout-id1455_85e145-95 > .kt-row-column-wrap) > .wp-block-kadence-column{justify-content:start;}.kb-row-layout-id1455_85e145-95 > .kt-row-column-wrap{column-gap:var(--global-kb-gap-md, 2rem);row-gap:var(--global-kb-gap-md, 2rem);max-width:var( --global-content-width, 1290px );padding-left:var(--global-content-edge-padding);padding-right:var(--global-content-edge-padding);padding-top:0px;padding-bottom:25px;grid-template-columns:minmax(0, 1fr);}.kb-row-layout-id1455_85e145-95 > .kt-row-layout-overlay{opacity:0.30;}@media all and (max-width: 1024px){.kb-row-layout-id1455_85e145-95 > .kt-row-column-wrap{grid-template-columns:minmax(0, 1fr);}}@media all and (max-width: 767px){.kb-row-layout-id1455_85e145-95 > .kt-row-column-wrap{grid-template-columns:minmax(0, 1fr);}}<\/style><div class=\"kb-row-layout-wrap kb-row-layout-id1455_85e145-95 alignnone wp-block-kadence-rowlayout\"><div class=\"kt-row-column-wrap kt-has-1-columns kt-row-layout-equal kt-tab-layout-inherit kt-mobile-layout-row kt-row-valign-top kb-theme-content-width\">\n<style>.kadence-column1455_461418-a2 > .kt-inside-inner-col,.kadence-column1455_461418-a2 > .kt-inside-inner-col:before{border-top-left-radius:0px;border-top-right-radius:0px;border-bottom-right-radius:0px;border-bottom-left-radius:0px;}.kadence-column1455_461418-a2 > .kt-inside-inner-col:before{opacity:0.3;}.kadence-column1455_461418-a2{position:relative;}<\/style>\n<div class=\"wp-block-kadence-column kadence-column1455_461418-a2 inner-column-1\"><div class=\"kt-inside-inner-col\">\n<p><\/p>\n\n\n\n<p><\/p>\n\n\n<style>.wp-block-kadence-advancedheading.kt-adv-heading1455_857918-67, .wp-block-kadence-advancedheading.kt-adv-heading1455_857918-67[data-kb-block=\"kb-adv-heading1455_857918-67\"]{font-size:35px;font-weight:400;font-style:normal;}.wp-block-kadence-advancedheading.kt-adv-heading1455_857918-67 mark, .wp-block-kadence-advancedheading.kt-adv-heading1455_857918-67[data-kb-block=\"kb-adv-heading1455_857918-67\"] mark{font-weight:normal;font-style:normal;color:#f76a0c;padding-top:0px;padding-right:0px;padding-bottom:0px;padding-left:0px;}@media all and (max-width: 1024px){.wp-block-kadence-advancedheading.kt-adv-heading1455_857918-67, .wp-block-kadence-advancedheading.kt-adv-heading1455_857918-67[data-kb-block=\"kb-adv-heading1455_857918-67\"]{font-size:25px;}}@media all and (max-width: 767px){.wp-block-kadence-advancedheading.kt-adv-heading1455_857918-67, .wp-block-kadence-advancedheading.kt-adv-heading1455_857918-67[data-kb-block=\"kb-adv-heading1455_857918-67\"]{font-size:25px;}}<\/style>\n<h2 class=\"kt-adv-heading1455_857918-67 wp-block-kadence-advancedheading\" data-kb-block=\"kb-adv-heading1455_857918-67\">Nous sommes \u00e0 votre disposition pour toute question<\/h2>\n\n\n<style>.wp-block-kadence-spacer.kt-block-spacer-1455_69e7a6-37 .kt-block-spacer{height:60px;}.wp-block-kadence-spacer.kt-block-spacer-1455_69e7a6-37 .kt-divider{border-top-width:1px;height:1px;border-top-color:var(--global-palette7, #EDF2F7);width:100%;border-top-style:solid;}<\/style>\n<div class=\"wp-block-kadence-spacer aligncenter kt-block-spacer-1455_69e7a6-37\"><div class=\"kt-block-spacer kt-block-spacer-halign-center\"><hr class=\"kt-divider\"\/><\/div><\/div>\n<\/div><\/div>\n\n<\/div><\/div>\n\n<style>.kb-row-layout-id1455_3f6de4-c9 > .kt-row-column-wrap{align-content:start;}:where(.kb-row-layout-id1455_3f6de4-c9 > .kt-row-column-wrap) > .wp-block-kadence-column{justify-content:start;}.kb-row-layout-id1455_3f6de4-c9 > .kt-row-column-wrap{column-gap:80px;row-gap:var(--global-kb-gap-md, 2rem);max-width:var( --global-content-width, 1290px );padding-left:var(--global-content-edge-padding);padding-right:var(--global-content-edge-padding);padding-top:25px;padding-bottom:90px;grid-template-columns:repeat(3, minmax(0, 1fr));}.kb-row-layout-id1455_3f6de4-c9 > .kt-row-layout-overlay{opacity:0.30;}@media all and (max-width: 1024px){.kb-row-layout-id1455_3f6de4-c9 > .kt-row-column-wrap > *:nth-child(3n){grid-column:1 \/ -1;}}@media all and (max-width: 1024px){.kb-row-layout-id1455_3f6de4-c9 > .kt-row-column-wrap{grid-template-columns:repeat(2, minmax(0, 1fr));}}@media all and (max-width: 767px){.kb-row-layout-id1455_3f6de4-c9 > .kt-row-column-wrap{grid-template-columns:minmax(0, 1fr);}}<\/style><div class=\"kb-row-layout-wrap kb-row-layout-id1455_3f6de4-c9 alignnone wp-block-kadence-rowlayout\"><div class=\"kt-row-column-wrap kt-has-3-columns kt-row-layout-equal kt-tab-layout-last-row kt-mobile-layout-row kt-row-valign-top kb-theme-content-width\">\n<style>.kadence-column1455_eff3bc-2d > .kt-inside-inner-col,.kadence-column1455_eff3bc-2d > .kt-inside-inner-col:before{border-top-left-radius:0px;border-top-right-radius:0px;border-bottom-right-radius:0px;border-bottom-left-radius:0px;}.kadence-column1455_eff3bc-2d > .kt-inside-inner-col:before{opacity:0.3;}.kadence-column1455_eff3bc-2d{position:relative;}<\/style>\n<div class=\"wp-block-kadence-column kadence-column1455_eff3bc-2d inner-column-1\"><div class=\"kt-inside-inner-col\"><style>.wp-block-kadence-advancedheading.kt-adv-heading1455_5cc67c-cc, .wp-block-kadence-advancedheading.kt-adv-heading1455_5cc67c-cc[data-kb-block=\"kb-adv-heading1455_5cc67c-cc\"]{font-size:25px;font-weight:normal;font-style:normal;}.wp-block-kadence-advancedheading.kt-adv-heading1455_5cc67c-cc mark, .wp-block-kadence-advancedheading.kt-adv-heading1455_5cc67c-cc[data-kb-block=\"kb-adv-heading1455_5cc67c-cc\"] mark{font-weight:normal;font-style:normal;color:#f76a0c;padding-top:0px;padding-right:0px;padding-bottom:0px;padding-left:0px;}<\/style>\n<h3 class=\"kt-adv-heading1455_5cc67c-cc wp-block-kadence-advancedheading\" data-kb-block=\"kb-adv-heading1455_5cc67c-cc\">BUREAUX<\/h3>\n\n\n\n<p>98 Rue Faubourg Saint Martin          75010 PARIS<\/p>\n\n\n\n<p><strong>Horaires<\/strong><br>Lundi \u2013 Vendredi<br>9h00 -18h00<\/p>\n\n\n<style>.wp-block-kadence-spacer.kt-block-spacer-1455_96c0b9-93 .kt-block-spacer{height:60px;}.wp-block-kadence-spacer.kt-block-spacer-1455_96c0b9-93 .kt-divider{border-top-width:1px;height:1px;border-top-color:#eee;width:80%;border-top-style:solid;}<\/style>\n<div class=\"wp-block-kadence-spacer aligncenter kt-block-spacer-1455_96c0b9-93\"><div class=\"kt-block-spacer kt-block-spacer-halign-center\"><\/div><\/div>\n\n\n<style>.wp-block-kadence-icon.kt-svg-icons1455_9d524e-96{justify-content:center;}@media all and (max-width: 767px){.wp-block-kadence-icon.kt-svg-icons1455_9d524e-96{justify-content:center;}}<\/style>\n<div class=\"wp-block-kadence-icon kt-svg-icons kt-svg-icons1455_9d524e-96 alignnone\"><style>.kt-svg-item-1455_4970d4-95 .kb-svg-icon-wrap{color:var(--global-palette4, #2D3748);font-size:30px;margin-right:var(--global-kb-spacing-xs, 1rem);margin-left:var(--global-kb-spacing-sm, 1.5rem);}.kt-svg-item-1455_4970d4-95:hover .kb-svg-icon-wrap{color:var(--global-palette1, #3182CE);}@media all and (max-width: 767px){.kt-svg-item-1455_4970d4-95 .kb-svg-icon-wrap{margin-left:0px;}}<\/style>\n<div class=\"wp-block-kadence-single-icon kt-svg-style-default kt-svg-icon-wrap kt-svg-item-1455_4970d4-95\"><a href=\"#\" class=\"kt-svg-icon-link\"><span class=\"kb-svg-icon-wrap kb-svg-icon-fa_facebook-square\"><svg viewBox=\"0 0 448 512\" preserveAspectRatio=\"xMinYMin meet\" fill=\"currentColor\" xmlns=\"http:\/\/www.w3.org\/2000\/svg\" ><path d=\"M448 80v352c0 26.5-21.5 48-48 48h-85.3V302.8h60.6l8.7-67.6h-69.3V192c0-19.6 5.4-32.9 33.5-32.9H384V98.7c-6.2-.8-27.4-2.7-52.2-2.7-51.6 0-87 31.5-87 89.4v49.9H184v67.6h60.9V480H48c-26.5 0-48-21.5-48-48V80c0-26.5 21.5-48 48-48h352c26.5 0 48 21.5 48 48z\"\/><\/svg><\/span><\/a><\/div>\n\n\n<style>.kt-svg-item-1455_827711-87 .kb-svg-icon-wrap{color:var(--global-palette4, #2D3748);font-size:30px;margin-top:0px;margin-right:var(--global-kb-spacing-sm, 1.5rem);margin-bottom:0px;margin-left:var(--global-kb-spacing-sm, 1.5rem);}.kt-svg-item-1455_827711-87:hover .kb-svg-icon-wrap{color:var(--global-palette1, #3182CE);}@media all and (max-width: 767px){.kt-svg-item-1455_827711-87 .kb-svg-icon-wrap{margin-left:0px;}}<\/style>\n<div class=\"wp-block-kadence-single-icon kt-svg-style-default kt-svg-icon-wrap kt-svg-item-1455_827711-87\"><a href=\"#\" class=\"kt-svg-icon-link\"><span class=\"kb-svg-icon-wrap kb-svg-icon-fa_twitter\"><svg viewBox=\"0 0 512 512\"  fill=\"currentColor\" xmlns=\"http:\/\/www.w3.org\/2000\/svg\" ><path d=\"M459.37 151.716c.325 4.548.325 9.097.325 13.645 0 138.72-105.583 298.558-298.558 298.558-59.452 0-114.68-17.219-161.137-47.106 8.447.974 16.568 1.299 25.34 1.299 49.055 0 94.213-16.568 130.274-44.832-46.132-.975-84.792-31.188-98.112-72.772 6.498.974 12.995 1.624 19.818 1.624 9.421 0 18.843-1.3 27.614-3.573-48.081-9.747-84.143-51.98-84.143-102.985v-1.299c13.969 7.797 30.214 12.67 47.431 13.319-28.264-18.843-46.781-51.005-46.781-87.391 0-19.492 5.197-37.36 14.294-52.954 51.655 63.675 129.3 105.258 216.365 109.807-1.624-7.797-2.599-15.918-2.599-24.04 0-57.828 46.782-104.934 104.934-104.934 30.213 0 57.502 12.67 76.67 33.137 23.715-4.548 46.456-13.32 66.599-25.34-7.798 24.366-24.366 44.833-46.132 57.827 21.117-2.273 41.584-8.122 60.426-16.243-14.292 20.791-32.161 39.308-52.628 54.253z\"\/><\/svg><\/span><\/a><\/div>\n\n\n<style>.kt-svg-item-1455_2087b0-92 .kb-svg-icon-wrap{color:var(--global-palette4, #2D3748);font-size:30px;margin-right:var(--global-kb-spacing-sm, 1.5rem);margin-left:var(--global-kb-spacing-sm, 1.5rem);}.kt-svg-item-1455_2087b0-92:hover .kb-svg-icon-wrap{color:var(--global-palette1, #3182CE);}@media all and (max-width: 767px){.kt-svg-item-1455_2087b0-92 .kb-svg-icon-wrap{margin-left:0px;}}<\/style>\n<div class=\"wp-block-kadence-single-icon kt-svg-style-default kt-svg-icon-wrap kt-svg-item-1455_2087b0-92\"><a href=\"#\" class=\"kt-svg-icon-link\"><span class=\"kb-svg-icon-wrap kb-svg-icon-fa_youtube\"><svg viewBox=\"0 0 576 512\" preserveAspectRatio=\"xMinYMin meet\" fill=\"currentColor\" xmlns=\"http:\/\/www.w3.org\/2000\/svg\" ><path d=\"M549.655 124.083c-6.281-23.65-24.787-42.276-48.284-48.597C458.781 64 288 64 288 64S117.22 64 74.629 75.486c-23.497 6.322-42.003 24.947-48.284 48.597-11.412 42.867-11.412 132.305-11.412 132.305s0 89.438 11.412 132.305c6.281 23.65 24.787 41.5 48.284 47.821C117.22 448 288 448 288 448s170.78 0 213.371-11.486c23.497-6.321 42.003-24.171 48.284-47.821 11.412-42.867 11.412-132.305 11.412-132.305s0-89.438-11.412-132.305zm-317.51 213.508V175.185l142.739 81.205-142.739 81.201z\"\/><\/svg><\/span><\/a><\/div>\n\n\n<style>.kt-svg-item-1455_34e5b2-7f .kb-svg-icon-wrap{color:var(--global-palette4, #2D3748);font-size:30px;margin-right:var(--global-kb-spacing-sm, 1.5rem);margin-left:var(--global-kb-spacing-sm, 1.5rem);}.kt-svg-item-1455_34e5b2-7f:hover .kb-svg-icon-wrap{color:var(--global-palette1, #3182CE);}@media all and (max-width: 767px){.kt-svg-item-1455_34e5b2-7f .kb-svg-icon-wrap{margin-left:0px;}}<\/style>\n<div class=\"wp-block-kadence-single-icon kt-svg-style-default kt-svg-icon-wrap kt-svg-item-1455_34e5b2-7f\"><a href=\"#\" class=\"kt-svg-icon-link\"><span class=\"kb-svg-icon-wrap kb-svg-icon-fe_instagram\"><svg viewBox=\"0 0 24 24\"  fill=\"none\" stroke=\"currentColor\" stroke-width=\"2\" stroke-linecap=\"round\" stroke-linejoin=\"round\" xmlns=\"http:\/\/www.w3.org\/2000\/svg\" ><rect x=\"2\" y=\"2\" width=\"20\" height=\"20\" rx=\"5\" ry=\"5\"\/><path d=\"M16 11.37A4 4 0 1 1 12.63 8 4 4 0 0 1 16 11.37z\"\/><line x1=\"17.5\" y1=\"6.5\" x2=\"17.5\" y2=\"6.5\"\/><\/svg><\/span><\/a><\/div>\n<\/div>\n\n\n<style>.wp-block-kadence-spacer.kt-block-spacer-1455_37e9f1-9f .kt-block-spacer{height:20px;}.wp-block-kadence-spacer.kt-block-spacer-1455_37e9f1-9f .kt-divider{border-top-width:1px;height:1px;border-top-color:var(--global-palette7, #EDF2F7);width:100%;border-top-style:solid;}<\/style>\n<div class=\"wp-block-kadence-spacer aligncenter kt-block-spacer-1455_37e9f1-9f\"><div class=\"kt-block-spacer kt-block-spacer-halign-center\"><hr class=\"kt-divider\"\/><\/div><\/div>\n\n\n\n<p>Nous intervenons au d\u00e9but de la vie des entreprises.<\/p>\n\n\n\n<p>En pre-seed, nous nous positionnons tr\u00e8s t\u00f4t en qualit\u00e9 de&nbsp;Business Angels dans des entreprises \u00e0 Impact fort. Nous intervenons&nbsp;avec l\u2019agilit\u00e9 d\u2019un BA tout en apportant le r\u00e9seau et l\u2019expertise de MAAT<\/p>\n<\/div><\/div>\n\n\n<style>.kadence-column1455_6c3c4d-41 > .kt-inside-inner-col,.kadence-column1455_6c3c4d-41 > .kt-inside-inner-col:before{border-top-left-radius:0px;border-top-right-radius:0px;border-bottom-right-radius:0px;border-bottom-left-radius:0px;}.kadence-column1455_6c3c4d-41 > .kt-inside-inner-col:before{opacity:0.3;}.kadence-column1455_6c3c4d-41{position:relative;}<\/style>\n<div class=\"wp-block-kadence-column kadence-column1455_6c3c4d-41 inner-column-2\"><div class=\"kt-inside-inner-col\">\n<figure class=\"wp-block-image size-large is-resized\"><img loading=\"lazy\" decoding=\"async\" width=\"683\" height=\"1024\" src=\"http:\/\/kauttao.com\/wp-content\/uploads\/2023\/09\/pexels-anna-shvets-3727690-1-683x1024.jpg\" alt=\"\" class=\"wp-image-1900\" style=\"width:298px;height:447px\" srcset=\"http:\/\/wemaat.co\/wp-content\/uploads\/2023\/09\/pexels-anna-shvets-3727690-1-683x1024.jpg 683w, http:\/\/wemaat.co\/wp-content\/uploads\/2023\/09\/pexels-anna-shvets-3727690-1-200x300.jpg 200w, http:\/\/wemaat.co\/wp-content\/uploads\/2023\/09\/pexels-anna-shvets-3727690-1-768x1152.jpg 768w, http:\/\/wemaat.co\/wp-content\/uploads\/2023\/09\/pexels-anna-shvets-3727690-1-1024x1536.jpg 1024w, http:\/\/wemaat.co\/wp-content\/uploads\/2023\/09\/pexels-anna-shvets-3727690-1-1365x2048.jpg 1365w, http:\/\/wemaat.co\/wp-content\/uploads\/2023\/09\/pexels-anna-shvets-3727690-1-scaled.jpg 1707w\" sizes=\"auto, (max-width: 683px) 100vw, 683px\" \/><\/figure>\n<\/div><\/div>\n\n\n<style>.kadence-column1455_1f1026-87 > .kt-inside-inner-col{padding-left:10px;}.kadence-column1455_1f1026-87 > .kt-inside-inner-col,.kadence-column1455_1f1026-87 > .kt-inside-inner-col:before{border-top-left-radius:0px;border-top-right-radius:0px;border-bottom-right-radius:0px;border-bottom-left-radius:0px;}.kadence-column1455_1f1026-87 > .kt-inside-inner-col:before{opacity:0.3;}.kadence-column1455_1f1026-87{position:relative;}@media all and (max-width: 1024px){.kadence-column1455_1f1026-87 > .kt-inside-inner-col{padding-left:0px;}}<\/style>\n<div class=\"wp-block-kadence-column kadence-column1455_1f1026-87 inner-column-3\"><div class=\"kt-inside-inner-col\"><style>.wp-block-kadence-spacer.kt-block-spacer-1455_9bbc43-43 .kt-block-spacer{height:60px;}.wp-block-kadence-spacer.kt-block-spacer-1455_9bbc43-43 .kt-divider{border-top-width:1px;height:1px;border-top-color:var(--global-palette7, #EDF2F7);width:100%;border-top-style:solid;}<\/style>\n<div class=\"wp-block-kadence-spacer aligncenter kt-block-spacer-1455_9bbc43-43 kvs-lg-false\"><div class=\"kt-block-spacer kt-block-spacer-halign-center\"><hr class=\"kt-divider\"\/><\/div><\/div>\n\n\n<style>.wp-block-kadence-advancedheading.kt-adv-heading1455_f986de-72, .wp-block-kadence-advancedheading.kt-adv-heading1455_f986de-72[data-kb-block=\"kb-adv-heading1455_f986de-72\"]{font-size:25px;font-weight:normal;font-style:normal;}.wp-block-kadence-advancedheading.kt-adv-heading1455_f986de-72 mark, .wp-block-kadence-advancedheading.kt-adv-heading1455_f986de-72[data-kb-block=\"kb-adv-heading1455_f986de-72\"] mark{font-weight:normal;font-style:normal;color:#f76a0c;padding-top:0px;padding-right:0px;padding-bottom:0px;padding-left:0px;}<\/style>\n<h3 class=\"kt-adv-heading1455_f986de-72 wp-block-kadence-advancedheading\" data-kb-block=\"kb-adv-heading1455_f986de-72\">UNE QUESTION?<\/h3>\n\n\n\n<p>N&#8217;h\u00e9sitez pas \u00e0 nous contacter<\/p>\n\n\n<style>.kadence-form-1455_f299d5-11 .kb-form .kadence-blocks-form-field .kb-forms-submit{color:var(--global-palette1, #3182CE);border-width:2px 2px 2px 2px;background:var(--global-palette9, #ffffff);border-color:var(--global-palette1, #3182CE);}.kadence-form-1455_f299d5-11 .kb-form .kadence-blocks-form-field .kb-forms-submit:hover, .kadence-form-1455_f299d5-11 .kb-form .kadence-blocks-form-field .kb-forms-submit:focus {color:var(--global-palette9, #ffffff);border-color:var(--global-palette1, #3182CE);background:var(--global-palette1, #3182CE);}.kadence-form-1455_f299d5-11 .kb-form .kadence-blocks-form-field .kb-forms-submit{padding-top:5px;padding-right:20px;padding-bottom:5px;padding-left:20px;}.kadence-form-1455_f299d5-11 .kb-form .kadence-blocks-form-field .kb-forms-submit{font-size:15px;font-weight:400;}<\/style>\n<div class=\"wp-block-kadence-form kadence-form-1455_f299d5-11 kb-form-wrap\"><form class=\"kb-form\" action=\"\" method=\"post\"><div class=\"kadence-blocks-form-field kb-field-desk-width-100 kb-input-size-standard\"><input name=\"kb_field_0\" id=\"kb_field_1455_f299d5-11_0\" data-label=\"Name\" type=\"email\" placeholder=\"Nom\" value=\"\" data-type=\"email\" class=\"kb-field kb-text-style-field kb-email-field kb-field-0\"\/><\/div><div class=\"kadence-blocks-form-field kb-form-field-1 kb-field-desk-width-100 kb-input-size-standard\"><input name=\"kb_field_1\" id=\"kb_field_1455_f299d5-11_1\" data-label=\"Email\" type=\"email\" placeholder=\"Email Address\" value=\"\" data-type=\"email\" class=\"kb-field kb-text-style-field kb-email-field kb-field-1\" data-required=\"yes\"\/><\/div><div class=\"kadence-blocks-form-field kb-form-field-2 kb-field-desk-width-100 kb-input-size-standard\"><input name=\"kb_field_2\" id=\"kb_field_1455_f299d5-11_2\" data-label=\"Subject\" type=\"text\" placeholder=\"Subject\" value=\"\" data-type=\"text\" class=\"kb-field kb-text-style-field kb-text-field kb-field-2\"\/><\/div><div class=\"kadence-blocks-form-field kb-form-field-3 kb-field-desk-width-100 kb-input-size-standard\"><select name=\"kb_field_3\" id=\"kb_field_1455_f299d5-11_3\" data-label=\"\" type=\"select\" value=\"What are you interested in?\" data-type=\"select\" class=\"kb-field kb-select-style-field kb-select-field kb-field-3\" data-required=\"yes\"><option value=\"\" disabled>What are you interested in?<\/option><option value=\"MAAT\">MAAT<\/option><option value=\"MAAT Properties\">MAAT Properties<\/option><option value=\"MAAT Impact\">MAAT Impact<\/option><\/select><\/div><div class=\"kadence-blocks-form-field kb-form-field-4 kb-field-desk-width-100 kb-input-size-standard\"><textarea name=\"kb_field_4\" id=\"kb_field_1455_f299d5-11_4\" data-label=\"Message\" type=\"textarea\" placeholder=\"Message\" data-type=\"textarea\" class=\"kb-field kb-text-style-field kb-textarea-field kb-field-4\" rows=\"4\" data-required=\"yes\"><\/textarea><\/div><input type=\"hidden\" name=\"_kb_form_id\" value=\"1455_f299d5-11\"\/><input type=\"hidden\" name=\"_kb_form_post_id\" value=\"1455\"\/><input type=\"hidden\" name=\"action\" value=\"kb_process_ajax_submit\"\/><input class=\"kadence-blocks-field verify\" type=\"text\" name=\"_kb_verify_email\" autocomplete=\"new-password\" aria-hidden=\"true\" placeholder=\"Email\" tabindex=\"-1\" data-1p-ignore=\"true\" data-lpignore=\"true\" \/><div class=\"kadence-blocks-form-field kb-submit-field kb-field-desk-width-100\"><button class=\"kb-forms-submit button kb-button-size-custom kb-button-width-auto\">SUBMIT FORM<\/button><\/div><\/form><\/div>\n<noscript><div class=\"kadence-blocks-form-message kadence-blocks-form-warning\">Please enable JavaScript in your browser to submit the form<\/div><style>.kadence-form-1455_f299d5-11 .kadence-blocks-form-field.kb-submit-field { display: none; }<\/style><\/noscript><\/div><\/div>\n\n<\/div><\/div>\n\n<style>.kb-row-layout-id1455_a04f13-ac > .kt-row-column-wrap{align-content:start;}:where(.kb-row-layout-id1455_a04f13-ac > .kt-row-column-wrap) > .wp-block-kadence-column{justify-content:start;}.kb-row-layout-id1455_a04f13-ac > .kt-row-column-wrap{column-gap:var(--global-kb-gap-md, 2rem);row-gap:var(--global-kb-gap-md, 2rem);max-width:var( --global-content-width, 1290px );padding-left:var(--global-content-edge-padding);padding-right:var(--global-content-edge-padding);padding-top:0px;padding-bottom:30px;grid-template-columns:minmax(0, 1fr);}.kb-row-layout-id1455_a04f13-ac > .kt-row-layout-overlay{opacity:0.30;}@media all and (max-width: 1024px){.kb-row-layout-id1455_a04f13-ac > .kt-row-column-wrap{grid-template-columns:minmax(0, 1fr);}}@media all and (max-width: 767px){.kb-row-layout-id1455_a04f13-ac > .kt-row-column-wrap{grid-template-columns:minmax(0, 1fr);}}<\/style><div class=\"kb-row-layout-wrap kb-row-layout-id1455_a04f13-ac alignnone wp-block-kadence-rowlayout\"><div class=\"kt-row-column-wrap kt-has-1-columns kt-row-layout-equal kt-tab-layout-inherit kt-mobile-layout-row kt-row-valign-top kb-theme-content-width\">\n<style>.kadence-column1455_ed5973-9c > .kt-inside-inner-col,.kadence-column1455_ed5973-9c > .kt-inside-inner-col:before{border-top-left-radius:0px;border-top-right-radius:0px;border-bottom-right-radius:0px;border-bottom-left-radius:0px;}.kadence-column1455_ed5973-9c > .kt-inside-inner-col:before{opacity:0.3;}.kadence-column1455_ed5973-9c{position:relative;}<\/style>\n<div class=\"wp-block-kadence-column kadence-column1455_ed5973-9c inner-column-1\"><div class=\"kt-inside-inner-col\"><style>.kb-google-maps-container1455_46205a-68{height:450px;}<\/style><div class=\"kb-google-maps-container kb-google-maps-container1455_46205a-68  wp-block-kadence-googlemaps\" data-mapid=\"1455_46205a-68\"><iframe width=\"100%\" height=\"100%\"\n\t\t\t\t\t\t\tstyle=\"border:0\" loading=\"lazy\"\n\t\t\t\t\t\t\tsrc=\"https:\/\/www.google.com\/maps\/embed\/v1\/place?key=AIzaSyBAM2o7PiQqwk15LC1XRH2e_KJ-jUa7KYk&#038;zoom=11&#038;maptype=roadmap&#038;q=98+Rue+Faubourg+Saint+Martin+75010+PARIS\"\n\t\t\t\t\t\t\ttitle=\"Google map of 98 Rue Faubourg Saint Martin 75010 PARIS\"><\/iframe><\/div><script>function kb_google_map1455_46205a_68() { let center = { lat: 37.8201, lng: -122.4781}; let map = new google.maps.Map(document.getElementById(\"kb-google-map1455_46205a-68\"), {\n\t\t\t\t\t    zoom: 11,\n\t\t\t\t\t    center: center,});let marker = new google.maps.Marker({   position: { lat: 37.8201, lng: -122.4781},    map: map,  });}<\/script><\/div><\/div>\n\n<\/div><\/div>","protected":false},"excerpt":{"rendered":"<p>Nous sommes \u00e0 votre disposition pour toute question BUREAUX 98 Rue Faubourg Saint Martin 75010 PARIS HorairesLundi \u2013 Vendredi9h00 -18h00 Nous intervenons au d\u00e9but de la vie des entreprises. En pre-seed, nous nous positionnons tr\u00e8s t\u00f4t en qualit\u00e9 de&nbsp;Business Angels dans des entreprises \u00e0 Impact fort. Nous intervenons&nbsp;avec l\u2019agilit\u00e9 d\u2019un BA tout en apportant le&#8230;<\/p>\n","protected":false},"author":1,"featured_media":1568,"parent":0,"menu_order":0,"comment_status":"closed","ping_status":"closed","template":"","meta":{"_kad_post_transparent":"enable","_kad_post_title":"hide","_kad_post_layout":"fullwidth","_kad_post_sidebar_id":"","_kad_post_content_style":"unboxed","_kad_post_vertical_padding":"hide","_kad_post_feature":"","_kad_post_feature_position":"","_kad_post_header":false,"_kad_post_footer":false,"footnotes":""},"class_list":["post-1455","page","type-page","status-publish","has-post-thumbnail","hentry"],"_links":{"self":[{"href":"http:\/\/wemaat.co\/index.php\/wp-json\/wp\/v2\/pages\/1455","targetHints":{"allow":["GET"]}}],"collection":[{"href":"http:\/\/wemaat.co\/index.php\/wp-json\/wp\/v2\/pages"}],"about":[{"href":"http:\/\/wemaat.co\/index.php\/wp-json\/wp\/v2\/types\/page"}],"author":[{"embeddable":true,"href":"http:\/\/wemaat.co\/index.php\/wp-json\/wp\/v2\/users\/1"}],"replies":[{"embeddable":true,"href":"http:\/\/wemaat.co\/index.php\/wp-json\/wp\/v2\/comments?post=1455"}],"version-history":[{"count":16,"href":"http:\/\/wemaat.co\/index.php\/wp-json\/wp\/v2\/pages\/1455\/revisions"}],"predecessor-version":[{"id":2106,"href":"http:\/\/wemaat.co\/index.php\/wp-json\/wp\/v2\/pages\/1455\/revisions\/2106"}],"wp:featuredmedia":[{"embeddable":true,"href":"http:\/\/wemaat.co\/index.php\/wp-json\/wp\/v2\/media\/1568"}],"wp:attachment":[{"href":"http:\/\/wemaat.co\/index.php\/wp-json\/wp\/v2\/media?parent=1455"}],"curies":[{"name":"wp","href":"https:\/\/api.w.org\/{rel}","templated":true}]}}